5808695275?
5
What is the millions digit of 2151097339?
1
What is the hundred thousands digit of 648923523?
9
What is the tens digit of 39634311?
1
What is the ten thousands digit of 22285349?
8
What is the ten millions digit of 92796974?
9
What is the hundreds digit of 83475832?
8
What is the tens digit of 55275097?
9
What is the ten millions digit of 1202814379?
0
What is the units digit of 155156761?
1
What is the thousands digit of 1083773241?
3
What is the hundred thousands digit of 775452231?
4
What is the ten thousands digit of 650842015?
4
What is the hundred thousands digit of 103011432?
0
What is the ten millions digit of 950897430?
5
What is the ten millions digit of 362658171?
6
What is the units digit of 38094535?
5
What is the hundred millions digit of 1307200212?
3
What is the millions digit of 39511597?
9
What is the millions digit of 163712770?
3
What is the millions digit of 238418661?
8
What is the tens digit of 215626801?
0
What is the ten millions digit of 795045872?
9
What is the ten millions digit of 191812829?
9
What is the hundreds digit of 1674409179?
1
What is the hundred thousands digit of 41761219?
7
What is the hundred millions digit of 161439382?
1
What is the tens digit of 705690993?
9
What is the hundred thousands digit of 4869930?
8
What is the hundred thousands digit of 80294411?
2
What is the hundred thousands digit of 23937124?
9
What is the millions digit of 379423610?
9
What is the thousands digit of 983676339?
6
What is the ten millions digit of 29969125?
2
What is the thousands digit of 523997766?
7
What is the units digit of 361349028?
8
What is the hundred millions digit of 988183797?
9
What is the ten thousands digit of 26868048?
6
What is the hundred millions digit of 2227361890?
2
What is the hundreds digit of 90964083?
0
What is the thousands digit of 4738054?
8
What is the ten thousands digit of 1006167974?
6
What is the ten thousands digit of 83738956?
3
What is the thousands digit of 366320327?
0
What is the ten millions digit of 32459368?
3
What is the billions digit of 7466629674?
7
What is the millions digit of 176833437?
6
What is the units digit of 238633813?
3
What is the ten millions digit of 70343840?
7
What is the hundred thousands digit of 15470542?
4
What is the units digit of 318863747?
7
What is the hundred millions digit of 5716642494?
7
What is the tens digit of 2934203?
0
What is the ten millions digit of 2304717664?
0
What is the hundred thousands digit of 1200033283?
0
What is the millions digit of 1151227095?
1
What is the hundred millions digit of 104822231?
1
What is the hundred thousands digit of 253627622?
6
What is the tens digit of 594446841?
4
What is the units digit of 28695566?
6
What is the hundreds digit of 306172278?
2
What is the millions digit of 32345227?
2
What is the hundred millions digit of 1332778883?
3
What is the ten millions digit of 515783349?
1
What is the ten millions digit of 36546809?
3
What is the thousands digit of 11592709?
2
What is the hundred millions digit of 663886218?
6
What is the hundred thousands digit of 452687943?
6
What is the units digit of 76750725?
5
What is the hundred thousands digit of 51905220?
9
What is the tens digit of 89136286?
8
What is the units digit of 352041459?
9
What is the thousands digit of 3506226?
6
What is the ten millions digit of 50038189?
5
What is the hundreds digit of 3814425682?
6
What is the millions digit of 781442331?
1
What is the thousands digit of 8724322?
4
What is the units digit of 104504690?
0
What is the billions digit of 1579707907?
1
What is the millions digit of 44762630?
4
What is the units digit of 95614892?
2
What is the thousands digit of 1418719328?
9
What is the ten thousands digit of 5604733?
0
What is the millions digit of 26597270?
6
What is the hundreds digit of 89695830?
8
What is the units digit of 1621632028?
8
What is the hundred millions digit of 213211377?
2
What is the units digit of 354636988?
8
What is the ten thousands digit of 191557328?
5
What is the tens digit of 9019302?
0
What is the ten thousands digit of 2824905256?
0
What is the tens digit of 46859556?
5
What is the ten thousands digit of 2359376932?
7
What is the hundred thousands digit of 60177941?
1
What is the thousands digit of 69129796?
9
What is the hundreds digit of 1830606563?
5
What is the ten millions digit of 45236297?
4
What is the tens digit of 66593091?
9
What is the ten millions digit of 119630404?
1
What is the thousands digit of 9084686?
4
What is the tens digit of 2956128402?
0
What is the ten thousands digit of 2772889140?
8
What is the thousands digit of 524094483?
4
What is the hundred millions digit of 893292528?
8
What is the units digit of 5610450?
0
What is the units digit of 50616793?
3
What is the hundred thousands digit of 985780075?
7
What is the hundreds digit of 292648452?
4
What is the billions digit of 1856202997?
1
What is the ten millions digit of 43558595?
4
What is the millions digit of 210324545?
0
What is the hundred thousands digit of 269887970?
8
What is the thousands digit of 29012333?
2
What is the millions digit of 322034441?
2
What is the ten millions digit of 16504861?
1
What is the hundred millions digit of 107917061?
1
What is the ten thousands digit of 258548803?
4
What is the hundreds digit of 69109942?
9
What is the ten thousands digit of 215521485?
2
What is the millions digit of 49961328?
9
What is the ten thousands digit of 1672166427?
6
What is the hundred millions digit of 6594182544?
5
What is the units digit of 27073070?
0
What is the ten thousands digit of 5009102?
0
What is the units digit of 149324911?
1
What is the ten millions digit of 419844373?
1
What is the thousands digit of 103400632?
0
What is the hundreds digit of 3296876?
8
What is the tens digit of 3747877?
7
What is the billions digit of 1538213413?
1
What is the ten thousands digit of 8158929816?
2
What is the ten millions digit of 81858438?
8
What is the hundreds digit of 116280515?
5
What is the hundred millions digit of 166771450?
1
What is the ten millions digit of 46628348?
4
What is the hundred thousands digit of 1994338437?
3
What is the millions digit of 287852898?
7
What is the units digit of 121829261?
1
What is the hundreds digit of 43077259?
2
What is the ten thousands digit of 623468821?
6
What is the ten thousands digit of 76148629?
4
What is the hundred thousands digit of 1492667744?
6
What is the tens digit of 228471677?
7
What is the tens digit of 34272585?
8
What is the millions digit of 38476785?
8
What is the thousands digit of 1930442527?
2
What is the ten thousands digit of 4923185346?
8
What is the ten millions digit of 518151734?
1
What is the hundreds digit of 33829150?
1
What is the ten millions digit of 1506577976?
0
What is the thousands digit of 15697836?
7
What is the ten millions digit of 1508498534?
0
What is the units digit of 363763834?
4
What is the millions digit of 113603656?
3
What is the ten millions digit of 38605326?
3
What is the ten millions digit of 127272070?
2
What is the ten thousands digit of 784655368?
5
What is the hundreds digit of 48519636?
6
What is the units digit of 49568829?
9
What is the ten thousands digit of 31806048?
0
What is the thousands digit of 58826860?
6
What is the ten thousands digit of 1869369514?
6
What is the ten thousands digit of 33676433?
7
What is the millions digit of 7810885?
7
What is the hundreds digit of 128236200?
2
What is the thousands digit of 129587827?
7
What is the hundred millions digit of 5261806662?
2
What is the ten thousands digit of 4869706984?
0
What is the tens digit of 43146279?
7
What is the hundred millions digit of 1107637976?
1
What is the millions digit of 1149989165?
9
What is the hundred millions digit of 301996089?
3
What is the units digit of 8088769?
9
What is the tens digit of 93201075?
7
What is the hundred thousands digit of 248110306?
1
What is the ten thousands digit of 16770468?
7
What is the ten thousands digit of 455800104?
0
What is the billions digit of 2849885355?
2
What is the hundreds digit of 1930174?
1
What is the hundreds digit of 699394335?
3
What is the ten millions digit of 291635591?
9
What is the ten thousands digit of 3440741889?
4
What is the millions digit 